41083 + 9493. What is the greatest common divisor of 585 and k?
117
Let u = 154 - 5. Let w = 227 - u. Suppose 8*i + 19 = 227. Calculate the greatest common factor of i and w.
26
Let d = -30 - -34. Suppose d*h - 45 + 145 = 0. Let l be (0 + h)/((-12)/36). Calculate the highest common divisor of l and 50.
25
Let t be 86 + -73 - 4*1. Let s be (-490)/21*t/(-15). Calculate the greatest common divisor of s and 56.
14
Suppose -700*z = -699*z - 291. Calculate the greatest common factor of z and 388.
97
Let a(i) = 78*i**2 + i + 1. Let j be a(2). Calculate the greatest common factor of 1085 and j.
35
Let p(s) = -4*s**3 - 5*s**2 - 2*s - 8. Let i be p(-4). What is the greatest common factor of 16 and i?
16
Let r = 22420 + -21716. What is the greatest common divisor of r and 4752?
176
Let w = 1135 + 1406. What is the highest common factor of 147 and w?
21
Suppose 5*q = 4*m - 41, -4*q = -5*m - 6*q + 10. Let g be (-1793)/(-165) + m/30. Suppose -g = 2*c - 3*c. Calculate the greatest common divisor of c and 11.
11
Suppose -21 + 19 = -5*f - 3*b, 2*b = -12. Calculate the greatest common divisor of f and 280.
4
Suppose -365*n - 229 = -1324. Let i be ((-22)/6)/(1/(-3)). Calculate the greatest common divisor of i and n.
1
Let c be 13892/2 + ((-24)/(-8) - 13). Calculate the highest common divisor of c and 48.
24
Suppose -5*f = -5, 5 = w + f - 24. Suppose -w*y = 22*y - 750. What is the highest common factor of y and 170?
5
Let z be (906 + 0 + (-1)/1)/(37/185). What is the greatest common factor of 181 and z?
181
Suppose -101*s + 509 = -100*s. Let x = 579 - s. Calculate the greatest common divisor of 56 and x.
14
Suppose -15*n - 74*n + 28 = -684. Let i(u) = 32*u**2. Let p be i(-2). Calculate the greatest common divisor of n and p.
8
Let c = 276 - -252. Suppose 5053*q = 5047*q + c. Calculate the highest common divisor of q and 110.
22
Suppose 6*z = 1985 - 179. Let o = -241 + z. Calculate the greatest common factor of o and 40.
20
Let m(y) = 7*y - 13. Let s(z) = 3*z - 6. Let p(n) = 4*m(n) - 10*s(n). Suppose 7*x + 36 = 4*x. Let c be p(x). Calculate the greatest common factor of c and 16.
16
Suppose -2*f + 78 = 2*z, f + 16 = 3*z - 109. Let h(w) = 2*w**2 - 828*w - 24096. Let x be h(-28). Calculate the highest common divisor of z and x.
41
Let o(g) = 636*g + 9758. Let v be o(-13). Calculate the highest common factor of v and 90.
10
Let w = -3305 + 3315. What is the highest common divisor of 2270 and w?
10
Suppose -2*i - 11 = 4*g + g, 4*g + 14 = i. Suppose -8 = -2*r + i. Let m(z) = 10*z - 6. Let k be m(r). Calculate the greatest common factor of k and 4.
4
Suppose 1686*j = 1681*j + 696 + 3759. What is the highest common divisor of j and 165?
33
Let p(j) = -j**3 - 23*j**2 + 109*j + 33. Let h be p(-27). Let k be -8*(-1 - 0 - 23). What is the highest common divisor of k and h?
6
Let l be 210/7*4764/30. Calculate the greatest common factor of 48 and l.
12
Suppose 2004 = 18*l - 1128. What is the highest common factor of 42 and l?
6
Suppose 18*n - 11989 - 4841 = 0. What is the greatest common divisor of 110 and n?
55
Let p be (8 - -1) + (-852)/71. Let v be (-11568)/(-72) - p/9. Let u = 20 + 3. What is the greatest common divisor of v and u?
23
Suppose 0 = -v + f - 2, 0 = -v + 4*f - 7 - 10. Let i be ((-1)/(-1))/((-3)/33). Let k be (-2 + 5)*i*-1. What is the greatest common divisor of v and k?
3
Let i be 1*6 - (4 - (1 - -1)). Suppose 5*n = -3*m - m + 48, i*n - 5*m = 22. Suppose 17*a - 15*a - 48 = 0. Calculate the highest common divisor of n and a.
8
Let n be 36/14*(-1428)/(-612). Calculate the greatest common divisor of n and 54.
6
Let y = -9556 - -9696. What is the greatest common divisor of y and 640?
20
Let v = -178 + 354. Suppose -12913 = 21*i - 15685. What is the highest common factor of i and v?
44
Suppose -31*u - 2970 = -19*u - 57*u. Calculate the greatest common factor of 27 and u.
3
Let a(s) = s**3 - 2*s**2 + 2*s - 4. Let g be a(3). Let y = -337 + 578. Let w = 384 - y. What is the greatest common factor of g and w?
11
Let c be ((-174)/28 + (-4)/14)*(1053 + -1081). Let o = 12 - 7. Suppose 0 = -5*r + 4*t + 138, 0 = -o*t - 7 - 3. What is the greatest common divisor of r and c?
26
Let k(v) = -88*v - 14. Let c be k(-3). Let r = c + -558. Let f = -98 - r. Calculate the highest common factor of f and 35.
35
Suppose 53 + 6 = h + 4*n, -57 = -h - 5*n. Let u = h - 73. Let d = 15 - u. What is the highest common factor of 3 and d?
3
Suppose 5*q + 16*f - 18*f - 292 = 0, -52 = -q + 2*f. What is the greatest common factor of 9870 and q?
30
Suppose -21*m - 25*m + 3848 = 6*m. What is the highest common divisor of 2183 and m?
37
Suppose -2596*s + 2598*s = 40. What is the greatest common divisor of 228 and s?
4
Let w = 110 + -78. Suppose -3*j + 33 = 4*s, 3*s - 3 - 6 = 0. Let o be 57/j - 19/133. Calculate the highest common divisor of w and o.
8
Let f = 66 - 63. Suppose -7*y - 4*k = -f*y + 20, 28 = -4*y + 4*k. Let x be ((-8 - y) + 3)/(1/13). What is the greatest common divisor of x and 13?
13
Suppose 12*f - 56 = -2*f. Suppose -f*w + 4 = -4*p, -3*w + 2*p = -14 + 7. Suppose 213 = w*m + 68. What is the greatest common factor of 58 and m?
29
Suppose -w = -3*x - 90, 3*x + 2*x = -3*w + 242. Let d be ((2 - -5) + -112)*-2. What is the greatest common factor of w and d?
42
Let t be ((-170)/14)/((-22)/77)*24. Suppose 4*d - 2*f = t, -13*d + 14*d - 273 = 5*f. What is the greatest common factor of 22 and d?
11
Let t = 1523 + -691. Calculate the greatest common divisor of 65 and t.
13
Let l = 3 - -2. Suppose -3*v = 3*u - 55 - 53, -4*v + 141 = l*u. Suppose -480 = -7*j - v. What is the highest common factor of 7 and j?
7
Let h(t) = -62*t - 2892. Let n be h(-56). Calculate the greatest common divisor of 1392 and n.
116
Let l(b) = b**3 + 7*b**2 + b + 6. Let f be l(-7). Let i be (-8)/(-6)*-3*f. Let k be 285*8/36 + i/6. What is the highest common divisor of 8 and k?
8
Let l be (158/3 - 1) + 91/((-3276)/96). Calculate the greatest common divisor of l and 252.
7
Let w(o) = -5*o**2 - 200*o + 3. Let h be w(-39). Let j = 0 - -9. Calculate the highest common factor of j and h.
9
Let l(p) = 2*p - 17. Let a be l(10). Suppose -1 = -3*q + 5*v - a, 8 = -4*v. Let o = 25 + q. What is the greatest common divisor of o and 21?
21
Let z = -626 - -289. Let k = z - -592. Calculate the highest common factor of k and 15.
15
Suppose 76*t - 6602 - 846 = 0. Calculate the greatest common divisor of t and 3871.
49
Suppose -4775 - 6355 = -15*n. What is the greatest common divisor of n and 42?
14
Let o be (-21)/(-14)*4/10*5. Suppose -o*z = -v - 724, 8*z - 5*v = 13*z - 1180. What is the highest common factor of z and 144?
48
Suppose -22*f + 25*f + c = 51, -c = -f + 21. Let s be (f - 3)/((-6)/(-4)). Calculate the highest common divisor of 40 and s.
10
Suppose 112*m + 40821 = 161*m - 35913. Calculate the greatest common factor of m and 4524.
174
Suppose 4*x - 7*x - 5*j + 52 = 0, 4*x - 71 = -5*j. Suppose 0*q + 96 = q - 5*p, 5*q + p = 480. Let h = q - 20. What is the greatest common divisor of x and h?
19
Let a(v) = -14*v**2 + 76*v - 36. Let l be a(20). Let x be (l/(-112))/(2/8). Calculate the highest common factor of 3 and x.
3
Let g = -81 + 144. Let n = 3383 - 3194. What is the highest common factor of n and g?
63
Let f(i) = -2*i**2 - 177*i - 975. Let d be f(-82). Calculate the highest common divisor of d and 13741.
91
Let a = 27 + -23. Suppose 5*h + 3*o = 134, -o - 10 = a*o. Let n(i) = -i**2 + 46*i - 100. Let l be n(40). What is the highest common divisor of l and h?
28
Suppose -y + 17 = 5*j, -4*y - 29*j + 90 = -31*j. Suppose y*q - 9*q - 286 = 0. What is the highest common factor of q and 6?
2
Let r(m) = -m**3 + 19*m**2 - 12*m - 80. Let b be r(18). Let f be (198/(-12))/(b/(-8) - -3). What is the highest common factor of f and 121?
11
Suppose -4*t + 4*q + 68 = 0, -6*t - q = -4*t - 43. Calculate the greatest common factor of 115 and t.
5
Suppose d - 11 = 4. Let s(r) = -9*r**2 - 9*r + 390. Let w be s(6). What is the highest common factor of d and w?
3
Let x = -3202 + 3412. What is the greatest common divisor of 3090 and x?
30
Let r(c) = -c**3 + 18*c**2 + 33*c - 98. Let d be r(19). Calculate the highest common factor of d and 560.
56
Let m be 1 - (0 - (2 + 16)). Let h(o) = -o**3 - 4*o**2 + 10*o + 12. Let v be h(-6). Suppose 463 = v*i - 449. Wh